7 is divided by 22.
21
Calculate the remainder when 376 is divided by 42.
40
Calculate the remainder when 1398 is divided by 18.
12
Calculate the remainder when 801 is divided by 446.
355
What is the remainder when 165 is divided by 8?
5
Calculate the remainder when 1843 is divided by 56.
51
What is the remainder when 3157 is divided by 176?
165
Calculate the remainder when 4319 is divided by 216.
215
What is the remainder when 376 is divided by 38?
34
What is the remainder when 17322 is divided by 21?
18
What is the remainder when 6745 is divided by 150?
145
What is the remainder when 590 is divided by 66?
62
What is the remainder when 416 is divided by 26?
0
What is the remainder when 884 is divided by 89?
83
What is the remainder when 152 is divided by 12?
8
What is the remainder when 260 is divided by 11?
7
Calculate the remainder when 489 is divided by 28.
13
What is the remainder when 110 is divided by 2?
0
What is the remainder when 419 is divided by 55?
34
What is the remainder when 917 is divided by 46?
43
What is the remainder when 475 is divided by 157?
4
What is the remainder when 228 is divided by 5?
3
What is the remainder when 483 is divided by 125?
108
Calculate the remainder when 5147 is divided by 103.
100
Calculate the remainder when 87 is divided by 37.
13
Calculate the remainder when 3594 is divided by 225.
219
What is the remainder when 42 is divided by 33?
9
What is the remainder when 3178 is divided by 17?
16
What is the remainder when 1886 is divided by 158?
148
Calculate the remainder when 1288 is divided by 86.
84
What is the remainder when 45 is divided by 44?
1
Calculate the remainder when 24 is divided by 13.
11
What is the remainder when 23 is divided by 22?
1
Calculate the remainder when 285 is divided by 13.
12
Calculate the remainder when 4441 is divided by 25.
16
Calculate the remainder when 239 is divided by 10.
9
What is the remainder when 696 is divided by 28?
24
Calculate the remainder when 2064 is divided by 35.
34
What is the remainder when 244 is divided by 49?
48
What is the remainder when 60 is divided by 6?
0
Calculate the remainder when 113 is divided by 5.
3
Calculate the remainder when 554 is divided by 358.
196
Calculate the remainder when 128 is divided by 7.
2
What is the remainder when 1678 is divided by 120?
118
What is the remainder when 782 is divided by 28?
26
Calculate the remainder when 4968 is divided by 70.
68
What is the remainder when 631 is divided by 58?
51
What is the remainder when 604 is divided by 166?
106
Calculate the remainder when 52 is divided by 38.
14
What is the remainder when 465 is divided by 34?
23
Calculate the remainder when 433 is divided by 40.
33
Calculate the remainder when 569 is divided by 15.
14
What is the remainder when 249 is divided by 36?
33
What is the remainder when 3973 is divided by 173?
167
Calculate the remainder when 58 is divided by 24.
10
What is the remainder when 556 is divided by 62?
60
What is the remainder when 1824 is divided by 73?
72
What is the remainder when 615 is divided by 77?
76
What is the remainder when 311 is divided by 8?
7
What is the remainder when 41050 is divided by 13?
9
Calculate the remainder when 18 is divided by 5.
3
Calculate the remainder when 92 is divided by 30.
2
Calculate the remainder when 222 is divided by 38.
32
Calculate the remainder when 71 is divided by 9.
8
What is the remainder when 315 is divided by 53?
50
What is the remainder when 540 is divided by 109?
104
Calculate the remainder when 26 is divided by 5.
1
What is the remainder when 55 is divided by 12?
7
What is the remainder when 659 is divided by 218?
5
Calculate the remainder when 3489 is divided by 1737.
15
What is the remainder when 1246 is divided by 104?
102
Calculate the remainder when 726 is divided by 105.
96
What is the remainder when 1078 is divided by 1026?
52
What is the remainder when 904 is divided by 76?
68
Calculate the remainder when 1251 is divided by 38.
35
What is the remainder when 142 is divided by 21?
16
Calculate the remainder when 78 is divided by 24.
6
Calculate the remainder when 133 is divided by 68.
65
Calculate the remainder when 2848 is divided by 1421.
6
What is the remainder when 1535 is divided by 36?
23
Calculate the remainder when 396 is divided by 21.
18
Calculate the remainder when 167 is divided by 56.
55
Calculate the remainder when 856 is divided by 405.
46
Calculate the remainder when 455 is divided by 51.
47
Calculate the remainder when 111 is divided by 8.
7
Calculate the remainder when 189 is divided by 12.
9
What is the remainder when 1808 is divided by 300?
8
Calculate the remainder when 1777 is divided by 127.
126
Calculate the remainder when 393 is divided by 61.
27
Calculate the remainder when 1071 is divided by 314.
129
Calculate the remainder when 171 is divided by 58.
55
Calculate the remainder when 171 is divided by 4.
3
What is the remainder when 172 is divided by 88?
84
Calculate the remainder when 367 is divided by 117.
16
Calculate the remainder when 449 is divided by 13.
7
Calculate the remainder when 35 is divided by 21.
14
What is the remainder when 8 is divided by 8?
0
Calculate the remainder when 191 is divided by 15.
11
What is the remainder when 949 is divided by 34?
31
Calculate the remainder when 359 is divided by 136.
87
Calculate the remainder when 128 is divided by 65.
63
What is the remainder when 67 is divided by 37?
30
What is the remainder when 62 is divided by 32?
30
What is the remainder when 408 is divided by 250?
158
Calculate the remainder when 4366 is divided by 24.
22
Calculate the remainder when 38 is divided by 3.
2
What is the remainder when 119 is divided by 8?
7
Calculate the remainder when 1128 is divided by 189.
183
Calculate the remainder when 73 is divided by 16.
9
Calculate the remainder when 21 is divided by 8.
5
Calculate the remainder when 232 is divided by 24.
16
What is the remainder when 454 is divided by 84?
34
What is the remainder when 84 is divided by 33?
18
What is the remainder when 177 is divided by 37?
29
Calculate the remainder when 1614 is divided by 98.
46
What is the remainder when 46 is divided by 40?
6
What is the remainder when 126 is divided by 64?
62
Calculate the remainder when 1846 is divided by 88.
86
What is the remainder when 209 is divided by 15?
14
What is the remainder when 312 is divided by 140?
32
What is the remainder when 120 is divided by 36?
12
What is the remainder when 2666 is divided by 92?
90
What is the remainder when 40 is divided by 3?
1
Calculate the remainder when 874 is divided by 152.
114
Calculate the remainder when 215 is divided by 27.
26
Calculate the remainder when 147 is divided by 15.
12
Calculate the remainder when 49 is divided by 21.
7
Calculate the remainder when 506 is divided by 39.
38
Calculate the remainder when 41 is divided by 17.
7
Calculate the remainder when 104 is divided by 94.
10
Calculate the remainder when 18 is divided by 16.
2
Calculate the remainder when 198 is divided by 13.
3
What is the remainder when 200 is divided by 89?
22
What is the remainder when 605 is divided by 8?
5
What is the remainder when 1302 is divided by 643?
16
Calculate the remainder when 1002 is divided by 16.
10
Calculate the remainder when 770 is divided by 155.
150
Calculate the remainder when 3979 is divided by 199.
198
Calculate the remainder when 361 is divided by 23.
16
Calculate the remainder when 129 is divided by 52.
25
What is the remainder when 432 is divided by 9?
0
What is the remainder when 41 is divided by 18?
5
What is the remainder when 497 is divided by 101?
93
Calculate the remainder when 15084 is divided by 5024.
12
Calculate the remainder when 918 is divided by 148.
30
Calculate the remainder when 315 is divided by 53.
50
What is the remainder when 46703 is divided by 21?
20
Calculate the remainder when 1373 is divided by 18.
5
What is the remainder when 1451 is divided by 182?
177
Calculate the remainder when 197 is divided by 34.
27
Calculate the remainder when 783 is divided by 208.
159
Calculate the remainder when 115 is divided by 32.
19
What is the remainder when 205 is divided by 98?
9
What is the remainder when 281 is divided by 32?
25
What is the remainder when 905 is divide